ine v(d).
-39
Let f(m) = 197*m - 402*m + 222*m + 26. Give f(-7).
-93
Let q(v) = 372*v**3 + 1 + 12*v**2 - 371*v**3 + 12*v**2 + 3*v + 14*v**2 - 32*v**2. Suppose -3*y - 24 = -9. What is q(y)?
11
Suppose -2*b = -6 + 2. Let r(t) = 10*t - 1. Let h(a) = -11*a + 1. Suppose -29 + 4 = -5*v. Let l(d) = v*h(d) + 6*r(d). Determine l(b).
9
Suppose -22 = -5*n + 3*n. Let a(i) be the second derivative of 9/2*i**2 - 1/12*i**4 + 5/3*i**3 + 0 + 73*i. Calculate a(n).
-2
Let m = 220 + -214. Let t(k) = -7 + 3*k**3 - 5*k**3 + 11 + 6*k + m*k**2 + k**3. Suppose 2*p - 2*r + 4*r = 12, -5*r = p - 2. Give t(p).
-3
Let p be 98/(-6 + -1)*-1. Let s(k) = k**3 - 14*k**2 + k - 12. What is s(p)?
2
Let s(f) = -7*f**3 - 6*f**2 + 7 + 4*f**2 - 8 + f**2 - 3*f. Determine s(-1).
8
Suppose -11*o = -273 + 86. Let d(y) = -11*y - 5 - 9*y + o*y. What is d(0)?
-5
Let t = 58 - 55. Let y(g) = -162*g**2 + 9 + g + g**t + 162*g**2. Determine y(0).
9
Let u(c) = -59*c**2 - 21*c + 205. Let z(p) = 65*p**2 + 22*p - 225. Let f(h) = -11*u(h) - 10*z(h). Let i(g) = 2*g - 1. Let n be i(5). Calculate f(n).
13
Let z be 21/(-56) - (-45)/(-8). Let q(x) = 5*x - 10. Let h(p) = -11*p + 21. Let r(f) = z*h(f) - 13*q(f). Give r(-7).
-3
Let o(q) = q**3 - 5*q**2 + 3*q + 2. Let h = 4704 + -4700. Determine o(h).
-2
Let y(g) be the first derivative of 19 - 1/4*g**4 + 10*g**2 + 0*g + 0*g**3. Let q(r) be the second derivative of y(r). Calculate q(3).
-18
Suppose 3 = -13*k - 23. Let p(h) = h**2 + 3*h - 7. Let f(g) = g**2 + 2*g - 9. Let z(q) = k*f(q) + 3*p(q). Calculate z(-3).
-9
Let g = 91 - 48. Let m = g - 40. Suppose -u - 4 - 1 = -2*n, m*u + 2*n + 7 = 0. Let l(x) = -x**2 - 2*x + 4. What is l(u)?
1
Let s(o) = 3*o**2 + 3*o + 4. Let j(c) be the third derivative of 2*c**5/15 + c**4/3 + 11*c**3/6 - 6*c**2 - 6*c. Let a(i) = -4*j(i) + 11*s(i). Determine a(0).
0
Suppose 5*c = 3*c + 4. Let w(o) = -3*o + o**3 - 4*o**2 + 2 - 3 + 2*o**2 + 2*o + 0. What is w(c)?
-3
Let x(c) = -c + 0 + 14 + c**3 + c**2 - 2 - 2*c**3 + 3. Determine x(0).
15
Let p(k) = k**3 - 24*k - 10. Let h(f) = 5*f**2 + 116*f - 91. Let l be h(-24). What is p(l)?
-5
Let f = 329 - 330. Let l(y) = -7*y**2 - 2*y - 14. Let v(t) = t**2 + 2. Let u(j) = f*l(j) - 6*v(j). Give u(-2).
2
Suppose -2*q = -4*k + 4, 4*k = q + 2 - 4. Let y(g) = -g**3 - 6*g**2 + 3*g + 11. Calculate y(q).
-7
Let f(d) = -2*d + 1. Let j be -153 - ((2 - -3) + -7 + -1). Let p = 151 + j. Give f(p).
-1
Let p be 2 + -1 - 2*3. Let b be 20/(-35) - (-5)/(70/25782). Let w(t) = -4*t + 2 - 6*t**2 + b*t**3 - 1842*t**3 - 2*t. What is w(p)?
7
Let f(o) = -64*o + 567. Let x(y) = 2*y**2 - 40*y - 79. Let m be x(-2). Give f(m).
-9
Let y(i) = -i**2 - 6*i + 3. Suppose 4*b = 5*l + 2, -5*b + 4 = -3*l - 5. Let s(t) = b + 4*t - 16 + 48. Let x be s(-10). Calculate y(x).
8
Let h(b) = -4*b**2 - 2*b + 13. Let o = 8080 - 8077. Give h(o).
-29
Let k(d) = d + 1. Suppose -4178 - 2062 = -15*h. Let m = -420 + h. Give k(m).
-3
Let c be (-1 - -34) + 9/(-3). Suppose c = 2*n + 3*n + w, -4*n + 24 = 4*w. Let q(y) = 5*y + 6. Let g(k) = -2*k - 2. Let l(s) = -8*g(s) - 3*q(s). What is l(n)?
4
Let t(k) = -4*k**2 - 16. Let a(x) = x**3 - 11*x**2 + 14*x + 9. Let h be a(10). Let v(d) = 0*d + 0*d - d**2 - 50 + h. Let z(f) = t(f) - 5*v(f). What is z(0)?
-11
Let l(n) = n**3 + 6*n**2 - 15*n + 3. Suppose 4*g = -55 + 63. Give l(g).
5
Let i(n) = -2*n - 2. Let g = -101 - -99. Let m be (12/(-2) - 0)/g. Suppose 0 = 2*o - r - 12, 15 = -3*r + m. What is i(o)?
-10
Let g(u) = 2*u**2 + 8*u + 1. Let y(c) = -c. Let d(h) = -g(h) - 6*y(h). Suppose -z + 4*i = -0*i - 21, -i = 5*z - 42. Suppose -6*f = -z*f - 6. Calculate d(f).
-5
Let t(i) = 520*i**2 + 98*i + 55. Let o(h) = -77*h**2 - 14*h - 8. Let l(u) = -54*o(u) - 8*t(u). Calculate l(-15).
-38
Let j(h) be the third derivative of h**6/120 + 17*h**5/60 + 4*h**4/3 + 16*h**3/3 + 4319*h**2. Calculate j(-15).
2
Suppose -5*x + 6 = -2*f - 5, -5*x + 17 = f. Let h be (16/4 - 7)*(-4)/x. Let q(n) = 3*n + 3. What is q(h)?
15
Suppose x = 3 - 0. Let w(m) = -414*m**2 - m**x + m + 408*m**2 + 1 - 2. Determine w(-6).
-7
Let v(z) be the second derivative of -7*z**3/2 - z**2/2 + 1022*z. What is v(1)?
-22
Let k(g) = 151*g - 3. Let s(w) = 129*w - 3. Let u(v) = 5*k(v) - 6*s(v). What is u(2)?
-35
Suppose 23 - 56 = -3*v + 3. Let z(y) = 3*y + 15. Determine z(v).
51
Let q(m) = m**3 + 17*m**2 + 20*m + 46. Let x be q(-7). Suppose 0 = 5*k - 376 + x. Let r(i) = -3*i**2 - 5*i + 4. Calculate r(k).
-24
Let w = 52 + -76. Let x be (1/(-3))/(2/w). Let d(i) = 3*i**2 - 37*i**3 + 4 + 36*i**3 + 4*i - 6. Calculate d(x).
-2
Let r(v) = v - 2*v**2 - v**3 - 4*v**2 - 7 - 3*v. Let l(f) = -11*f**2 + 0*f**3 - 3*f + 6*f**3 - 7*f**3 - 13 - f. Let p(a) = 6*l(a) - 11*r(a). Determine p(-1).
-4
Let k = 6289 + -6293. Let l(q) = -q**2 - 6*q + 5. Let z(x) = 4*x**2 + 25*x - 21. Let d(u) = -9*l(u) - 2*z(u). Determine d(k).
-3
Let d(v) = -267*v + 570*v + 3*v**2 - 316*v - 32 + v**3. Determine d(-4).
4
Let n be 2/(((-380)/30)/19). Let m(s) = s**3 + 2*s**2 + 13. Calculate m(n).
4
Let u(p) = 9 - 10*p**2 + 2*p - 6 + 22*p**2 - 16*p**3. Let g(i) = -7*i**3 + 6*i**2 + i + 1. Let h(b) = 9*g(b) - 4*u(b). Calculate h(-6).
-9
Let f(o) = -40*o**3 - 4*o + 9 + 3*o + 39*o**3 + 12*o**2. Let c be ((-32)/(1760/33))/((-2)/40). Calculate f(c).
-3
Suppose 101*a - 441 = 38*a. Let x be (4/3)/((-10)/(-15)). Let z(k) = 7*k**2 + x + 0*k**3 - 1 - k**3 + 4. Calculate z(a).
5
Let j(a) = 5 + 3*a**3 - 16*a**2 + 4333*a - 4320*a - 4*a**3. What is j(-17)?
73
Let l(w) = w**3 - 9*w**2 + 17*w - 9. Suppose 21 = 30*v - 27*v. Let g be l(v). Let k(f) = 4*f - f + 13 - 4*f - g. Calculate k(5).
-4
Let q be 33/176*2 + 105/40. Let f(d) be the second derivative of 10*d - 5*d**2 + 0 + 1/6*d**q. Determine f(7).
-3
Let c(i) = -i + 9. Let t(j) = 2*j**3 - 33*j**2 + 11*j + 101. Let g be t(16). Give c(g).
-12
Let d be 12/(-48) - 17/(-4). Let i = -24 + 27. Let u(n) = 0*n - i*n + d*n. Give u(-3).
-3
Suppose 1788 = -12*m + 1644. Let w(g) = -5*g - 26. What is w(m)?
34
Let x = -2034 + 2030. Let a(q) be the second derivative of q**4/6 + q**3 - 3*q**2/2 + 3*q. Let c(v) be the first derivative of a(v). Give c(x).
-10
Let t(o) = 4*o - 2. Suppose 5*j = -1025 + 1045. Suppose 2*w - j*k = -10, -4*w + 0*w = k + 20. Determine t(w).
-22
Let k(a) = 2*a**3 + a**2 - 5*a + 5. Let b(r) = -7*r**3 + 15*r - 37. Let t(u) = b(u) + 3*k(u). Give t(-3).
32
Suppose 5*p - 22 = -2*r + 3, 2*r + 2*p - 16 = 0. Suppose r*u = -u - 120. Let s be ((-4)/(-10))/(-2 + (-36)/u). Let z(v) = 2*v**2 - v + 1. Calculate z(s).
11
Suppose -5*g + 28 = 18. Let b(c) = -10 - 6*c**g - 10*c**3 + 4*c**3 + 7*c**3 - 6*c. Determine b(7).
-3
Let k(g) = -4*g**3 + 3*g**2 + 20*g - 2. Let u be k(-2). Let x(f) be the first derivative of -f + 14 + 1/2*f**u. What is x(0)?
-1
Let y(k) be the third derivative of k**5/30 + k**4/4 - 17*k**3/6 - 22*k**2 + 23. Determine y(-4).
-9
Let g(w) be the first derivative of 17*w**2/2 - 11*w + 9683. Give g(5).
74
Let x(z) be the second derivative of -z**4/12 + 7*z**3/6 + 4*z**2 + 339*z. Let r(h) = -h**2 - 9*h - 10. Let d be r(-6). Calculate x(d).
0
Let b = 35 + -20. Suppose -4*p + 24 = -4*v, -6*v + v = 4*p - b. Let g(n) = 43*n + 8 - 24 + 10 - 60*n + 7. Give g(v).
18
Let x = -116 - -49. Let k be 118*(20/8 + -2). Let n = x + k. Let s(g) = g + 9. Give s(n).
1
Let o be ((-3)/9)/((-4)/(-60)) + -6. Let s(p) = p + 23. Give s(o).
12
Let f be (-12)/462*-7 + 20/(-110). Let v(c) be the third derivative of 0 + 15*c**2 + 1/2*c**3 - 1/12*c**4 + f*c. Give v(5).
-7
Suppose 0 = 9*s + 7 - 25. Let c(o) = 15 - 20 + 3*o**2 - 2*o + 14 - o**3 + 3*o**s. Determine c(6).
-3
Let g(p) be the first derivative of -p**5/60 + 11*p**3/3 - 3. Let x(m) be the third derivative of g(m). Suppose -55*t = -54*t + 1. What is x(t)?
2
Suppose 1075 + 215 = 129*g. Let v(f) = -f**3 + 12*f**2 - 22*f. Give v(g).
-20
Let a(j) be the third derivative of j**5/60 + 5*j**4/12 + 17*j**3/6 + 3689*j**2. Determine a(-7).
-4
Let u(h) = -3*h**2 - h. Let l = 18 + 35. Let d = l - 56. Determine u(d).
-24
Let f(l) = -l**3 + 6*l**2 - 6*l + 5. Suppose -82*g = -27*g + 110. Let j(o) = -o**2 - 6*o + 8. Let y be j(-6). Let h be (y + -7)*(g + 7). Calculate f(h).
0
Let z = 2 + 3. Suppose -z*p + 8 = 2*t + t, -t = p. Let h(x) be the first derivative of x**3/3 - 2*x**2 - 3*x + 179. Calculate h(p).
-3
Let h(r) = -r + 6. Let c = 345 + -295. Suppo